{"id":1122,"date":"2024-03-05T12:09:36","date_gmt":"2024-03-05T09:09:36","guid":{"rendered":"https:\/\/yelkenlizeytinyagi.com.tr\/?post_type=product&#038;p=1122"},"modified":"2024-03-05T13:06:01","modified_gmt":"2024-03-05T10:06:01","slug":"naturel-sizma-500-ml","status":"publish","type":"product","link":"https:\/\/yelkenlizeytinyagi.com.tr\/?product=naturel-sizma-500-ml","title":{"rendered":"Naturel S\u0131zma 500 ml"},"content":{"rendered":"<p>So\u011fuk s\u0131k\u0131m y\u00f6ntemi ile \u00fcretilmi\u015ftir.<\/p>\n<p>0,5 litrelik \u00f6zel cam ambalaj\u0131ndad\u0131r.<\/p>\n<p>\u00d6zenle se\u00e7ilmi\u015f zeytinlerden \u00fcretilmi\u015ftir.<\/p>\n<p>24 saat i\u00e7erisinde s\u0131k\u0131m i\u015flemi tamamlanm\u0131\u015ft\u0131r.<\/p>\n","protected":false},"excerpt":{"rendered":"<div class=\"woocommerce-product-details__short-description\">\n<p>Kulplu Cam \u015ei\u015fede<\/p>\n<\/div>\n","protected":false},"featured_media":1123,"template":"","meta":[],"product_cat":[63],"product_tag":[],"_links":{"self":[{"href":"https:\/\/yelkenlizeytinyagi.com.tr\/index.php?rest_route=\/wp\/v2\/product\/1122"}],"collection":[{"href":"https:\/\/yelkenlizeytinyagi.com.tr\/index.php?rest_route=\/wp\/v2\/product"}],"about":[{"href":"https:\/\/yelkenlizeytinyagi.com.tr\/index.php?rest_route=\/wp\/v2\/types\/product"}],"wp:featuredmedia":[{"embeddable":true,"href":"https:\/\/yelkenlizeytinyagi.com.tr\/index.php?rest_route=\/wp\/v2\/media\/1123"}],"wp:attachment":[{"href":"https:\/\/yelkenlizeytinyagi.com.tr\/index.php?rest_route=%2Fwp%2Fv2%2Fmedia&parent=1122"}],"wp:term":[{"taxonomy":"product_cat","embeddable":true,"href":"https:\/\/yelkenlizeytinyagi.com.tr\/index.php?rest_route=%2Fwp%2Fv2%2Fproduct_cat&post=1122"},{"taxonomy":"product_tag","embeddable":true,"href":"https:\/\/yelkenlizeytinyagi.com.tr\/index.php?rest_route=%2Fwp%2Fv2%2Fproduct_tag&post=1122"}],"curies":[{"name":"wp","href":"https:\/\/api.w.org\/{rel}","templated":true}]}}